[INFO] cloning repository https://github.com/wbprice/tide-rsvp-api
[INFO] running `Command { std: "git" "-c" "credential.helper=" "-c" "credential.helper=/workspace/cargo-home/bin/git-credential-null" "clone" "--bare" "https://github.com/wbprice/tide-rsvp-api" "/workspace/cache/git-repos/https%3A%2F%2Fgithub.com%2Fwbprice%2Ftide-rsvp-api", kill_on_drop: false }`
[INFO] [stderr] Cloning into bare repository '/workspace/cache/git-repos/https%3A%2F%2Fgithub.com%2Fwbprice%2Ftide-rsvp-api'...
[INFO] running `Command { std: "git" "rev-parse" "HEAD", kill_on_drop: false }`
[INFO] [stdout] 17f9f75b5e6e1c3e07e30a910c0af10bd1ae7da3
[INFO] checking wbprice/tide-rsvp-api against master#af3c6e733a40e671550e0f0f5aeecaa13772ba56 for pr-74989
[INFO] running `Command { std: "git" "clone" "/workspace/cache/git-repos/https%3A%2F%2Fgithub.com%2Fwbprice%2Ftide-rsvp-api" "/workspace/builds/worker-11/source", kill_on_drop: false }`
[INFO] [stderr] Cloning into '/workspace/builds/worker-11/source'...
[INFO] [stderr] done.
[INFO] validating manifest of git repo https://github.com/wbprice/tide-rsvp-api on toolchain af3c6e733a40e671550e0f0f5aeecaa13772ba56
[INFO] running `Command { std: "/workspace/cargo-home/bin/cargo" "+af3c6e733a40e671550e0f0f5aeecaa13772ba56" "read-manifest" "--manifest-path" "Cargo.toml", kill_on_drop: false }`
[INFO] started tweaking git repo https://github.com/wbprice/tide-rsvp-api
[INFO] finished tweaking git repo https://github.com/wbprice/tide-rsvp-api
[INFO] tweaked toml for git repo https://github.com/wbprice/tide-rsvp-api written to /workspace/builds/worker-11/source/Cargo.toml
[INFO] crate git repo https://github.com/wbprice/tide-rsvp-api already has a lockfile, it will not be regenerated
[INFO] running `Command { std: "/workspace/cargo-home/bin/cargo" "+af3c6e733a40e671550e0f0f5aeecaa13772ba56" "fetch" "--locked" "--manifest-path" "Cargo.toml", kill_on_drop: false }`
[INFO] [stderr]     Blocking waiting for file lock on package cache
[INFO] [stderr]     Blocking waiting for file lock on package cache
[INFO] running `Command { std: "docker" "create" "-v" "/var/lib/crater-agent-workspace/builds/worker-11/target:/opt/rustwide/target:rw,Z" "-v" "/var/lib/crater-agent-workspace/builds/worker-11/source:/opt/rustwide/workdir:ro,Z" "-v" "/var/lib/crater-agent-workspace/cargo-home:/opt/rustwide/cargo-home:ro,Z" "-v" "/var/lib/crater-agent-workspace/rustup-home:/opt/rustwide/rustup-home:ro,Z" "-e" "SOURCE_DIR=/opt/rustwide/workdir" "-e" "CARGO_TARGET_DIR=/opt/rustwide/target" "-e" "CARGO_HOME=/opt/rustwide/cargo-home" "-e" "RUSTUP_HOME=/opt/rustwide/rustup-home" "-w" "/opt/rustwide/workdir" "-m" "1610612736" "--user" "0:0" "--network" "none" "rustops/crates-build-env@sha256:d92eaeed33fa75130ca1ee6c8a01d1ffb62bac859dfdfb3450e3e5d1c0146529" "/opt/rustwide/cargo-home/bin/cargo" "+af3c6e733a40e671550e0f0f5aeecaa13772ba56" "metadata" "--no-deps" "--format-version=1", kill_on_drop: false }`
[INFO] [stdout] 141def06a6b76f827078994a6fa84f1d3c252034c1cfb6bdf46e1d6238728e3c
[INFO] [stderr] WARNING: Your kernel does not support swap limit capabilities or the cgroup is not mounted. Memory limited without swap.
[INFO] running `Command { std: "docker" "start" "-a" "141def06a6b76f827078994a6fa84f1d3c252034c1cfb6bdf46e1d6238728e3c", kill_on_drop: false }`
[INFO] running `Command { std: "docker" "inspect" "141def06a6b76f827078994a6fa84f1d3c252034c1cfb6bdf46e1d6238728e3c", kill_on_drop: false }`
[INFO] running `Command { std: "docker" "rm" "-f" "141def06a6b76f827078994a6fa84f1d3c252034c1cfb6bdf46e1d6238728e3c", kill_on_drop: false }`
[INFO] [stdout] 141def06a6b76f827078994a6fa84f1d3c252034c1cfb6bdf46e1d6238728e3c
[INFO] running `Command { std: "docker" "create" "-v" "/var/lib/crater-agent-workspace/builds/worker-11/target:/opt/rustwide/target:rw,Z" "-v" "/var/lib/crater-agent-workspace/builds/worker-11/source:/opt/rustwide/workdir:ro,Z" "-v" "/var/lib/crater-agent-workspace/cargo-home:/opt/rustwide/cargo-home:ro,Z" "-v" "/var/lib/crater-agent-workspace/rustup-home:/opt/rustwide/rustup-home:ro,Z" "-e" "SOURCE_DIR=/opt/rustwide/workdir" "-e" "CARGO_TARGET_DIR=/opt/rustwide/target" "-e" "CARGO_INCREMENTAL=0" "-e" "RUST_BACKTRACE=full" "-e" "RUSTFLAGS=--cap-lints=forbid" "-e" "CARGO_HOME=/opt/rustwide/cargo-home" "-e" "RUSTUP_HOME=/opt/rustwide/rustup-home" "-w" "/opt/rustwide/workdir" "-m" "1610612736" "--user" "0:0" "--network" "none" "rustops/crates-build-env@sha256:d92eaeed33fa75130ca1ee6c8a01d1ffb62bac859dfdfb3450e3e5d1c0146529" "/opt/rustwide/cargo-home/bin/cargo" "+af3c6e733a40e671550e0f0f5aeecaa13772ba56" "check" "--frozen" "--all" "--all-targets" "--message-format=json", kill_on_drop: false }`
[INFO] [stdout] b0e5b4513875d2c1939d5dccaf505d2bcbbe6698ad57b4b9c81a3d81d54e2dee
[INFO] [stderr] WARNING: Your kernel does not support swap limit capabilities or the cgroup is not mounted. Memory limited without swap.
[INFO] running `Command { std: "docker" "start" "-a" "b0e5b4513875d2c1939d5dccaf505d2bcbbe6698ad57b4b9c81a3d81d54e2dee", kill_on_drop: false }`
[INFO] [stderr]     Blocking waiting for file lock on package cache
[INFO] [stderr]    Compiling unicode-xid v0.2.1
[INFO] [stderr]    Compiling version_check v0.9.2
[INFO] [stderr]    Compiling autocfg v1.0.1
[INFO] [stderr]    Compiling memchr v2.3.3
[INFO] [stderr]     Checking futures-core v0.3.5
[INFO] [stderr]     Checking slab v0.4.2
[INFO] [stderr]     Checking itoa v0.4.6
[INFO] [stderr]     Checking futures-sink v0.3.5
[INFO] [stderr]     Checking pin-project-lite v0.1.7
[INFO] [stderr]    Compiling proc-macro-hack v0.5.18
[INFO] [stderr]     Checking pin-utils v0.1.0
[INFO] [stderr]    Compiling ryu v1.0.5
[INFO] [stderr]    Compiling wasm-bindgen-shared v0.2.67
[INFO] [stderr]    Compiling proc-macro-nested v0.1.6
[INFO] [stderr]     Checking fnv v1.0.7
[INFO] [stderr]    Compiling bumpalo v3.4.0
[INFO] [stderr]    Compiling lazy_static v1.4.0
[INFO] [stderr]    Compiling getrandom v0.1.14
[INFO] [stderr]     Checking bytes v0.5.6
[INFO] [stderr]     Checking arc-swap v0.4.7
[INFO] [stderr]     Checking percent-encoding v2.1.0
[INFO] [stderr]    Compiling wasm-bindgen v0.2.67
[INFO] [stderr]    Compiling pkg-config v0.3.18
[INFO] [stderr]     Checking fastrand v1.3.4
[INFO] [stderr]    Compiling httparse v1.3.4
[INFO] [stderr]     Checking adler v0.2.3
[INFO] [stderr]     Checking gimli v0.22.0
[INFO] [stderr]     Checking tinyvec v0.3.4
[INFO] [stderr]     Checking try-lock v0.2.3
[INFO] [stderr]    Compiling openssl v0.10.30
[INFO] [stderr]     Checking scoped-tls v1.0.0
[INFO] [stderr]     Checking tower-service v0.3.0
[INFO] [stderr]    Compiling native-tls v0.2.4
[INFO] [stderr]     Checking object v0.20.0
[INFO] [stderr]    Compiling maybe-uninit v2.0.0
[INFO] [stderr]     Checking regex-syntax v0.6.18
[INFO] [stderr]     Checking scopeguard v1.1.0
[INFO] [stderr]     Checking dtoa v0.4.6
[INFO] [stderr]     Checking shlex v0.1.1
[INFO] [stderr]     Checking futures-timer v2.0.2
[INFO] [stderr]     Checking tracing-core v0.1.15
[INFO] [stderr]     Checking thread_local v1.0.1
[INFO] [stderr]     Checking futures-channel v0.3.5
[INFO] [stderr]     Checking async-mutex v1.1.5
[INFO] [stderr]     Checking miniz_oxide v0.4.0
[INFO] [stderr]     Checking http v0.2.1
[INFO] [stderr]    Compiling generic-array v0.14.4
[INFO] [stderr]    Compiling standback v0.2.9
[INFO] [stderr]    Compiling time v0.2.16
[INFO] [stderr]    Compiling error-chain v0.12.4
[INFO] [stderr]    Compiling cookie v0.14.2
[INFO] [stderr]    Compiling proc-macro-error-attr v1.0.4
[INFO] [stderr]    Compiling proc-macro-error v1.0.4
[INFO] [stderr]    Compiling proc-macro2 v1.0.19
[INFO] [stderr]     Checking lock_api v0.4.1
[INFO] [stderr]     Checking log v0.4.11
[INFO] [stderr]     Checking multitask v0.2.0
[INFO] [stderr]     Checking async-channel v1.4.0
[INFO] [stderr]     Checking unicode-normalization v0.1.13
[INFO] [stderr]     Checking crc32fast v1.2.0
[INFO] [stderr]    Compiling num-traits v0.2.12
[INFO] [stderr]    Compiling crossbeam-utils v0.7.2
[INFO] [stderr]    Compiling num-integer v0.1.43
[INFO] [stderr]    Compiling indexmap v1.6.0
[INFO] [stderr]    Compiling openssl-sys v0.9.58
[INFO] [stderr]     Checking socket2 v0.3.12
[INFO] [stderr]     Checking net2 v0.2.35
[INFO] [stderr]     Checking signal-hook-registry v1.2.1
[INFO] [stderr]     Checking time v0.1.43
[INFO] [stderr]     Checking polling v0.1.5
[INFO] [stderr]     Checking dirs-sys v0.3.5
[INFO] [stderr]     Checking parking_lot_core v0.8.0
[INFO] [stderr]    Compiling rusoto_core v0.45.0
[INFO] [stderr]     Checking tracing v0.1.19
[INFO] [stderr]     Checking want v0.3.0
[INFO] [stderr]     Checking kv-log-macro v1.0.7
[INFO] [stderr]    Compiling quote v1.0.7
[INFO] [stderr]     Checking futures-lite v0.1.11
[INFO] [stderr]     Checking aho-corasick v0.7.13
[INFO] [stderr]     Checking rand_core v0.5.1
[INFO] [stderr]     Checking mio v0.6.22
[INFO] [stderr]     Checking dirs v2.0.2
[INFO] [stderr]     Checking parking_lot v0.11.0
[INFO] [stderr]     Checking idna v0.2.0
[INFO] [stderr]    Compiling syn v1.0.38
[INFO] [stderr]     Checking rand_chacha v0.2.2
[INFO] [stderr]     Checking digest v0.9.0
[INFO] [stderr]     Checking crypto-mac v0.8.0
[INFO] [stderr]     Checking block-buffer v0.9.0
[INFO] [stderr]     Checking block-cipher v0.7.1
[INFO] [stderr]     Checking universal-hash v0.4.0
[INFO] [stderr]     Checking aead v0.3.2
[INFO] [stderr]     Checking http-body v0.3.1
[INFO] [stderr]     Checking async-io v0.1.11
[INFO] [stderr]     Checking blocking v0.5.2
[INFO] [stderr]     Checking crossbeam-queue v0.2.3
[INFO] [stderr]     Checking rand v0.7.3
[INFO] [stderr]     Checking hmac v0.8.1
[INFO] [stderr]     Checking blake3 v0.3.6
[INFO] [stderr]     Checking aes-soft v0.4.0
[INFO] [stderr]     Checking sha2 v0.9.1
[INFO] [stderr]     Checking polyval v0.4.0
[INFO] [stderr]     Checking addr2line v0.13.0
[INFO] [stderr]     Checking regex v1.3.9
[INFO] [stderr]     Checking byte-pool v0.2.2
[INFO] [stderr]     Checking mio-uds v0.6.8
[INFO] [stderr]     Checking hkdf v0.9.0
[INFO] [stderr]     Checking ghash v0.3.0
[INFO] [stderr]     Checking aes v0.4.0
[INFO] [stderr]     Checking async-executor v0.1.2
[INFO] [stderr]     Checking aes-gcm v0.6.0
[INFO] [stderr]     Checking backtrace v0.3.50
[INFO] [stderr]    Compiling wasm-bindgen-backend v0.2.67
[INFO] [stderr]    Compiling wasm-bindgen-macro-support v0.2.67
[INFO] [stderr]    Compiling serde_derive v1.0.115
[INFO] [stderr]    Compiling pin-project-internal v0.4.23
[INFO] [stderr]    Compiling futures-macro v0.3.5
[INFO] [stderr]    Compiling tokio-macros v0.2.5
[INFO] [stderr]    Compiling time-macros-impl v0.1.1
[INFO] [stderr]    Compiling async-trait v0.1.38
[INFO] [stderr]    Compiling dynomite-derive v0.10.0
[INFO] [stderr]    Compiling wasm-bindgen-macro v0.2.67
[INFO] [stderr]     Checking time-macros v0.1.0
[INFO] [stderr]     Checking tokio v0.2.22
[INFO] [stderr]     Checking pin-project v0.4.23
[INFO] [stderr]     Checking futures-util v0.3.5
[INFO] [stderr]     Checking tokio-util v0.3.1
[INFO] [stderr]     Checking tokio-tls v0.3.1
[INFO] [stderr]     Checking tokio-async-std v1.5.3
[INFO] [stderr]     Checking serde v1.0.115
[INFO] [stderr]     Checking futures-executor v0.3.5
[INFO] [stderr]     Checking h2 v0.2.6
[INFO] [stderr]     Checking futures v0.3.5
[INFO] [stderr]     Checking wasm-timer v0.2.5
[INFO] [stderr]     Checking again v0.1.2
[INFO] [stderr]     Checking serde_json v1.0.57
[INFO] [stderr]     Checking chrono v0.4.15
[INFO] [stderr]     Checking url v2.1.1
[INFO] [stderr]     Checking serde_qs v0.6.1
[INFO] [stderr]     Checking bincode v1.3.1
[INFO] [stderr]     Checking uuid v0.8.1
[INFO] [stderr]     Checking serde_urlencoded v0.6.1
[INFO] [stderr]     Checking femme v2.1.1
[INFO] [stderr]     Checking hyper v0.13.7
[INFO] [stderr]     Checking js-sys v0.3.44
[INFO] [stderr]     Checking web-sys v0.3.44
[INFO] [stderr]     Checking rusoto_credential v0.45.0
[INFO] [stderr]     Checking hyper-tls v0.4.3
[INFO] [stderr]     Checking rusoto_signature v0.45.0
[INFO] [stderr]     Checking rusoto_dynamodb v0.45.0
[INFO] [stderr]     Checking gloo-timers v0.2.1
[INFO] [stderr]     Checking futures-timer v3.0.2
[INFO] [stderr]     Checking async-std v1.6.3
[INFO] [stderr]     Checking http-types v2.4.0
[INFO] [stderr]     Checking async-session v2.0.1
[INFO] [stderr]     Checking dynomite v0.10.0
[INFO] [stderr]     Checking async-sse v4.0.0
[INFO] [stderr]     Checking async-h1 v2.1.2
[INFO] [stderr]     Checking tide v0.13.0
[INFO] [stderr]     Checking test-tide v0.1.0 (/opt/rustwide/workdir)
[INFO] [stdout] error[E0433]: failed to resolve: use of undeclared type or module `tokio`
[INFO] [stdout]  --> src/main.rs:8:3
[INFO] [stdout]   |
[INFO] [stdout] 8 | #[tokio::main]
[INFO] [stdout]   |   ^^^^^ use of undeclared type or module `tokio`
[INFO] [stdout] 
[INFO] [stdout] 
[INFO] [stdout] warning: unused import: `async_std`
[INFO] [stdout]  --> src/main.rs:6:5
[INFO] [stdout]   |
[INFO] [stdout] 6 | use async_std;
[INFO] [stdout]   |     ^^^^^^^^^
[INFO] [stdout]   |
[INFO] [stdout]   = note: `#[warn(unused_imports)]` on by default
[INFO] [stdout] 
[INFO] [stdout] 
[INFO] [stdout] error[E0433]: failed to resolve: use of undeclared type or module `tokio`
[INFO] [stdout]  --> src/main.rs:8:3
[INFO] [stdout]   |
[INFO] [stdout] 8 | #[tokio::main]
[INFO] [stdout]   |   ^^^^^ use of undeclared type or module `tokio`
[INFO] [stdout] 
[INFO] [stdout] 
[INFO] [stdout] warning: unused import: `async_std`
[INFO] [stdout]  --> src/main.rs:6:5
[INFO] [stdout]   |
[INFO] [stdout] 6 | use async_std;
[INFO] [stdout]   |     ^^^^^^^^^
[INFO] [stdout]   |
[INFO] [stdout]   = note: `#[warn(unused_imports)]` on by default
[INFO] [stdout] 
[INFO] [stdout] 
[INFO] [stdout] error: aborting due to previous error; 1 warning emitted
[INFO] [stdout] 
[INFO] [stdout] 
[INFO] [stdout] For more information about this error, try `rustc --explain E0433`.
[INFO] [stdout] 
[INFO] [stderr] error: could not compile `test-tide`.
[INFO] [stderr] 
[INFO] [stderr] To learn more, run the command again with --verbose.
[INFO] [stderr] warning: build failed, waiting for other jobs to finish...
[INFO] [stdout] error[E0277]: `main` has invalid return type `impl std::future::Future`
[INFO] [stdout]  --> src/main.rs:9:20
[INFO] [stdout]   |
[INFO] [stdout] 9 | async fn main() -> tide::Result<()> {
[INFO] [stdout]   |                    ^^^^^^^^^^^^^^^^ `main` can only return types that implement `Termination`
[INFO] [stdout]   |
[INFO] [stdout]   = help: consider using `()`, or a `Result`
[INFO] [stdout] 
[INFO] [stdout] 
[INFO] [stdout] error[E0752]: `main` function is not allowed to be `async`
[INFO] [stdout]  --> src/main.rs:9:1
[INFO] [stdout]   |
[INFO] [stdout] 9 | async fn main() -> tide::Result<()> {
[INFO] [stdout]   | ^^^^^^^^^^^^^^^^^^^^^^^^^^^^^^^^^^^ `main` function is not allowed to be `async`
[INFO] [stdout] 
[INFO] [stdout] 
[INFO] [stdout] error: aborting due to 3 previous errors; 1 warning emitted
[INFO] [stdout] 
[INFO] [stdout] 
[INFO] [stdout] Some errors have detailed explanations: E0277, E0433, E0752.
[INFO] [stdout] 
[INFO] [stdout] For more information about an error, try `rustc --explain E0277`.
[INFO] [stdout] 
[INFO] [stderr] error: build failed
[INFO] running `Command { std: "docker" "inspect" "b0e5b4513875d2c1939d5dccaf505d2bcbbe6698ad57b4b9c81a3d81d54e2dee", kill_on_drop: false }`
[INFO] running `Command { std: "docker" "rm" "-f" "b0e5b4513875d2c1939d5dccaf505d2bcbbe6698ad57b4b9c81a3d81d54e2dee", kill_on_drop: false }`
[INFO] [stdout] b0e5b4513875d2c1939d5dccaf505d2bcbbe6698ad57b4b9c81a3d81d54e2dee
